of 297524411?
4
What is the tens digit of 85363784?
8
What is the ten thousands digit of 12569647?
6
What is the units digit of 118677516?
6
What is the millions digit of 3496293292?
6
What is the ten millions digit of 1306403092?
0
What is the units digit of 2513086712?
2
What is the ten millions digit of 254321207?
5
What is the ten millions digit of 1473965778?
7
What is the thousands digit of 172885632?
5
What is the thousands digit of 1026110900?
0
What is the thousands digit of 499102844?
2
What is the hundreds digit of 270367703?
7
What is the ten thousands digit of 1733278261?
7
What is the hundreds digit of 572462585?
5
What is the thousands digit of 163904424?
4
What is the millions digit of 178441909?
8
What is the hundred millions digit of 750874327?
7
What is the units digit of 134287540?
0
What is the ten thousands digit of 1819997?
1
What is the tens digit of 125478506?
0
What is the millions digit of 5072605?
5
What is the hundreds digit of 122419397?
3
What is the ten millions digit of 5087564370?
8
What is the hundred thousands digit of 525003854?
0
What is the tens digit of 2287151?
5
What is the thousands digit of 383347066?
7
What is the hundred thousands digit of 28289254?
2
What is the units digit of 42334408?
8
What is the units digit of 687818196?
6
What is the tens digit of 86362241?
4
What is the hundred thousands digit of 324184116?
1
What is the thousands digit of 493989852?
9
What is the millions digit of 436156221?
6
What is the millions digit of 347760251?
7
What is the hundred millions digit of 125247319?
1
What is the hundreds digit of 55500335?
3
What is the millions digit of 44011460?
4
What is the hundreds digit of 81954237?
2
What is the hundred thousands digit of 48793848?
7
What is the units digit of 496697947?
7
What is the ten millions digit of 155800555?
5
What is the ten millions digit of 323637870?
2
What is the units digit of 233610976?
6
What is the hundreds digit of 25543675?
6
What is the units digit of 256346081?
1
What is the hundreds digit of 334934835?
8
What is the millions digit of 4459915496?
9
What is the thousands digit of 176428691?
8
What is the tens digit of 93303535?
3
What is the hundreds digit of 661405917?
9
What is the ten thousands digit of 474984481?
8
What is the units digit of 168212556?
6
What is the millions digit of 6583737?
6
What is the ten millions digit of 30395542?
3
What is the ten thousands digit of 160949993?
4
What is the ten thousands digit of 45774008?
7
What is the millions digit of 114134773?
4
What is the hundreds digit of 205648954?
9
What is the thousands digit of 167459517?
9
What is the ten millions digit of 73632393?
7
What is the hundred millions digit of 536565340?
5
What is the units digit of 22027507?
7
What is the ten millions digit of 329912531?
2
What is the hundred millions digit of 624449945?
6
What is the billions digit of 3209115207?
3
What is the hundred thousands digit of 3515115192?
1
What is the billions digit of 1360993012?
1
What is the hundred thousands digit of 353918818?
9
What is the hundred thousands digit of 2440410736?
4
What is the hundred thousands digit of 180504182?
5
What is the hundred thousands digit of 46797790?
7
What is the ten millions digit of 44364181?
4
What is the hundred millions digit of 4938266418?
9
What is the hundreds digit of 49538795?
7
What is the ten millions digit of 69614522?
6
What is the tens digit of 328400048?
4
What is the ten thousands digit of 351384983?
8
What is the hundred millions digit of 294009638?
2
What is the ten thousands digit of 9865759?
6
What is the ten millions digit of 172996408?
7
What is the billions digit of 3934225416?
3
What is the hundreds digit of 404437621?
6
What is the units digit of 43925473?
3
What is the ten millions digit of 6916899639?
1
What is the hundreds digit of 159420041?
0
What is the hundreds digit of 4473287725?
7
What is the hundred millions digit of 567346255?
5
What is the hundred thousands digit of 7645112?
6
What is the units digit of 114348682?
2
What is the millions digit of 1309627559?
9
What is the units digit of 489374572?
2
What is the tens digit of 653675543?
4
What is the hundred millions digit of 174397693?
1
What is the thousands digit of 4430894467?
4
What is the millions digit of 15107868?
5
What is the hundred thousands digit of 115366214?
3
What is the hundreds digit of 412717719?
7
What is the millions digit of 296107989?
6
What is the hundred millions digit of 208595762?
2
What is the hundreds digit of 218071288?
2
What is the ten thousands digit of 283166264?
6
What is the hundred thousands digit of 20431742?
4
What is the tens digit of 34093108?
0
What is the hundreds digit of 125393015?
0
What is the millions digit of 950189728?
0
What is the tens digit of 2041127734?
3
What is the thousands digit of 232112286?
2
What is the ten millions digit of 33682918?
3
What is the ten millions digit of 12231612?
1
What is the tens digit of 897095?
9
What is the millions digit of 72366750?
2
What is the tens digit of 50962357?
5
What is the tens digit of 175908059?
5
What is the billions digit of 4538793996?
4
What is the units digit of 147573794?
4
What is the tens digit of 537001504?
0
What is the ten thousands digit of 119918800?
1
What is the hundred millions digit of 635513401?
6
What is the hundred thousands digit of 146889885?
8
What is the ten thousands digit of 346721275?
2
What is the hundred millions digit of 5299781266?
2
What is the tens digit of 10644279?
7
What is the tens digit of 34352908?
0
What is the ten thousands digit of 71411419?
1
What is the tens digit of 746138796?
9
What is the units digit of 8540371?
1
What is the ten thousands digit of 1415490985?
9
What is the hundred millions digit of 692328780?
6
What is the hundred millions digit of 881986682?
8
What is the units digit of 20184130?
0
What is the hundred thousands digit of 55842888?
8
What is the thousands digit of 3708955725?
5
What is the hundreds digit of 650668386?
3
What is the ten millions digit of 70469182?
7
What is the hundred millions digit of 751284201?
7
What is the hundred millions digit of 656387758?
6
What is the thousands digit of 362787596?
7
What is the millions digit of 180085280?
0
What is the millions digit of 279292713?
9
What is the units digit of 658154366?
6
What is the millions digit of 131703071?
1
What is the hundreds digit of 939870063?
0
What is the ten millions digit of 485114023?
8
What is the hundred thousands digit of 294951891?
9
What is the tens digit of 1481538161?
6
What is the hundred thousands digit of 120567529?
5
What is the hundreds digit of 1382528985?
9
What is the units digit of 4389863951?
1
What is the units digit of 306925008?
8
What is the hundred thousands digit of 2950803233?
8
What is the millions digit of 1315587271?
5
What is the thousands digit of 356045930?
5
What is the billions digit of 2086060233?
2
What is the millions digit of 29954740?
9
What is the hundred millions digit of 379236376?
3
What is the units digit of 172086135?
5
What is the hundred thousands digit of 74296895?
2
What is the units digit of 1062328838?
8
What is the millions digit of 11808235?
1
What is the tens digit of 918048202?
0
What is the hundred millions digit of 182073796?
1
What is the millions digit of 66080093?
6
What is the hundred millions digit of 312157389?
3
What is the ten millions digit of 42137643?
4
What is the ten millions digit of 485603446?
8
What is the units digit of 168574126?
6
What is the millions digit of 1642420579?
2
What is the hundred millions digit of 162825132?
1
What is the units digit of 97258737?
7
What is the units digit of 822333264?
4
What is the units digit of 1594825464?
4
What is the hundred thousands digit of 3499268591?
2
What is the units digit of 1169756338?
8
What is the units digit of 27870702?
2
What is the tens digit of 220925140?
4
What is the hundred millions digit of 193446128?
1
What is the ten millions digit of 123233481?
2
What is the hundred millions digit of 3983109514?
9
What is the thousands digit of 13206796?
6
What is the units digit of 366999707?
7
What is the hundred millions digit of 189329893?
1
What is the ten thousands digit of 65235380?
3
What is the hundred thous